434 - 5635. Calculate the highest common factor of 22 and w.
11
Let p be (3 - 1)*21/(-6). Let q(h) = -19*h + 7. Let v be q(p). Suppose 5*c + 13 - 293 = 0. Calculate the highest common divisor of v and c.
28
Let f(k) = -k**3 + 7*k**2. Let w be f(3). Suppose 54 = -r - r. Let o = r + 45. Calculate the highest common factor of o and w.
18
Let r(n) = n**3 - 6*n**2 + 5*n + 1. Let f be r(5). Let s = f - 0. Let a = -3693 - -3694. Calculate the greatest common factor of s and a.
1
Let i(h) = 13*h - 103. Let w be i(9). Let g be 4/w - (19464/(-28))/3. What is the greatest common factor of 29 and g?
29
Suppose -4*d + 598 = d - 3*z, -614 = -5*d - z. Suppose 504 = -4*i + 10*m, m - 207 - 37 = 2*i. Let s = d + i. What is the highest common factor of s and 1?
1
Suppose 3*u - 5*r - 131 = 0, -r + 164 = 4*u - 5*r. Let n = -21 + u. Let b = -177 - -193. Calculate the greatest common divisor of n and b.
16
Let l = -12688 + 12704. Calculate the highest common factor of l and 2248.
8
Let f be (2*360/(-220))/((-6)/44). What is the highest common divisor of 31896 and f?
24
Suppose 146854 = -17*j + 147704. Let h(z) = 7*z**2 + z. Let d be h(2). Calculate the highest common divisor of j and d.
10
Suppose -2*w = 4*x - 4, -3*w = 3*x + 6 - 3. Let l be (476/21 - 3) + w/(-3). Calculate the highest common factor of l and 14.
7
Let r(j) = -j**3 - 6*j**2 + 53*j + 22. Let w be r(-13). What is the highest common factor of w and 72?
12
Let l(d) = d**2 + 2*d - 36. Let w be l(-11). Let y = w - -92. Calculate the highest common factor of y and 62.
31
Let u(c) be the second derivative of 4*c**3/3 + c**2/2 + 2*c. Let s be u(8). Suppose 176*q - 965 - 3413 = 2486. Calculate the highest common factor of s and q.
13
Let y = 4 + 76. What is the highest common factor of 95 and y?
5
Let m(k) = -8*k**3 - k**2 - k - 2. Let n be m(-2). Let g(r) = -295*r**2 + 4131*r + 10. Let f be g(14). What is the greatest common factor of f and n?
12
Let u(g) = -2*g**2 - 13*g - 5. Let k be u(-7). Let t = 20 + k. Suppose -5*a + t*a - 24 = 0. Calculate the greatest common divisor of a and 56.
8
Let o(k) = 10*k**2 + 69*k - 38. Let r be o(12). Suppose v - 562 = -f, -4*f + r = 20*v - 25*v. Calculate the greatest common divisor of f and 112.
112
Let t be -20 + 8 + 2 + -2. Let f be (-129)/(-12) - ((-21)/t + -2). Suppose f*a = a + 850. Calculate the highest common factor of a and 34.
17
Suppose 2*y + 6*f - 482 = 0, 3*f = 2*y + 18 - 563. Calculate the highest common divisor of y and 16.
2
Let c be 12/(-28) - (-1518)/14. What is the highest common factor of c and 24?
12
Suppose -x = -4*x + 1800. Let g = 4839 + -4764. Calculate the greatest common divisor of g and x.
75
Let k be 10*((-1098)/10)/(-9). Suppose 0 = -c + 5*f + k + 38, c - f - 140 = 0. Suppose -i + 66 - 12 = 0. Calculate the highest common factor of c and i.
27
Let m(d) = -3*d**3 - 22*d**2 - 10*d + 45. Let t be m(-7). What is the highest common divisor of 16401 and t?
33
Suppose -1062*m = -1056*m + 2352. Let o = m - -409. What is the greatest common factor of o and 153?
17
Let y = 3066 + -2728. Calculate the highest common divisor of 351 and y.
13
Let d be -5*(-3 - -4)*-7. Let k = d - 2. Suppose 9*o - 12 = k. What is the highest common divisor of o and 40?
5
Let o(i) = -15*i - 32. Let n be o(-2). Let u be (-188)/(-12) - (n - 8/(-3)). What is the highest common factor of 54 and u?
3
Let p be (-15376)/(-9) - (8 - (-272)/(-36)). What is the highest common divisor of 549 and p?
61
Suppose -x + 568 = -2*w, 10*w - 16 = 6*w. Let p = -6710 + 6764. What is the greatest common divisor of p and x?
18
Let f = -178 + 263. Suppose 4*y + 4*j + 100 = 0, 0*y + 2*y - 5*j = -f. Let l = y + 51. What is the greatest common factor of 21 and l?
21
Let z be 9 - -239 - (-1 - (0 - -2)). Suppose -2*h = -h + z. Let y = h - -440. What is the greatest common factor of y and 21?
21
Let s = -9870 + 10302. Calculate the greatest common factor of s and 936.
72
Suppose -6*x - 105 = -417. Let c = 253 + -175. What is the highest common factor of c and x?
26
Let r(m) = 2*m**2 + 11*m - 17. Let h be r(5). Suppose h*n = 556 + 324. Let q = 18 + 12. Calculate the greatest common factor of q and n.
10
Suppose -8*d = -270 - 82. Let c(g) = -3*g + 186. Let r be c(d). What is the greatest common factor of r and 243?
27
Suppose 2*c + 0*s - 17 = 3*s, -3*c + s + 8 = 0. Let w be 3*(-4)/12 + 4 + -1. Let x = w + -1. What is the highest common divisor of c and x?
1
Suppose -13*g - 13094 = -1654. Suppose 10 = -2*p + 4*p. Let m be (-4 - g/50) + 2/p. Calculate the highest common factor of 2 and m.
2
Let s be 5*1*(-429)/(-195). Let v be (-1)/((-2)/(-360)*4). Let u be (-435)/v - 4/(-3). What is the greatest common factor of u and s?
11
Let q be (4/(-6))/((-37)/(-1332))*21. Let t = -420 - q. Let h be (-1*2 - 0)*-28. Calculate the highest common divisor of t and h.
28
Let p(o) = -o**2 - 53*o - 642. Let v be p(-21). What is the greatest common factor of v and 225?
15
Suppose 4*u = 4*a - 1352, u + 6*u + 1340 = 4*a. Calculate the greatest common factor of 18 and a.
18
Let f = 4862 + -4652. What is the greatest common factor of 28 and f?
14
Suppose 19 = 3*o + 4. Suppose 5*h - 10 = -o*x, 0*x + 7 = 2*h - x. Suppose -h*u = u - 2*s - 70, 5 = -u + 5*s. What is the highest common divisor of 20 and u?
20
Let i(k) = 18*k**3 + k**2 + 10*k - 148. Let c be i(8). Calculate the greatest common divisor of c and 196.
196
Let y(x) = -4*x - 20. Let m be y(-6). Let c be -8 + (1 - m) - -1. Let p be (-22*3/(-30))/((-2)/c). Calculate the greatest common factor of p and 22.
11
Let l = 23732 - 23699. What is the greatest common divisor of 440 and l?
11
Suppose -54 - 42 = -3*h. Suppose -34*i = -h*i - 6. Let o be 154*(0 - -1) - (i + -2). Calculate the greatest common divisor of 17 and o.
17
Suppose a = -9*r + 12*r - 36, 4*a + 18 = 3*r. What is the highest common factor of 1442 and r?
14
Suppose i = -t - 0*i + 7, i = -3*t + 17. Let r be (-522)/8 - ((-138)/(-24) - t). Let h be (-24)/(-204) + r/(-17). What is the highest common factor of h and 28?
4
Let v = -3258 - -3261. What is the greatest common divisor of v and 10986?
3
Let v(r) = 14*r - 67. Let o(p) = 6*p - 48. Let i be o(9). Let c be v(i). Calculate the highest common divisor of c and 51.
17
Let r(v) = 4*v - 4. Let n be r(3). Let h(s) = s**3 + 6*s**2 - 926*s - 6417. Let b be h(-7). Calculate the highest common factor of b and n.
8
Suppose -11*w = -178*w + 12054 + 29529. Calculate the highest common factor of w and 39.
3
Let c(y) = -33*y - 1087. Let d be c(-33). Calculate the greatest common factor of 29 and d.
1
Let v(d) = -4*d + 34. Let j be v(9). Let r be 46/23 - 1/j*2. Suppose 3*f = -3*s + 30, f - 5 = r*s - 7. What is the highest common factor of f and 91?
7
Let a be 747/(-63) + 8 + (-1)/7. Let c be 6/a*((-44)/6 + -4). What is the highest common factor of 527 and c?
17
Let i be 0/(-1) + -4 - 86. Let g be (300/i)/((-4)/(-102) - 0). Let h = 95 + g. Calculate the highest common divisor of 25 and h.
5
Let l(n) = -n + 7. Let a be l(2). Let m be a*-1*8/(-20). Suppose -2*p - m*v = -98 + 16, -2*p - 5*v + 76 = 0. What is the highest common divisor of p and 473?
43
Suppose 2*d = 34*d + 16*d - 9072. What is the greatest common factor of 273 and d?
21
Let h = 53 - 37. Let r be ((-4)/(-6))/(h/(-96)). Let j be r - (-9 + -3) - 4/(-2). Calculate the highest common divisor of j and 2.
2
Let m be 0 + (-2725 - -37)/(-28). Let u(w) = w**2 + 2*w - 6. Let f be u(4). Calculate the highest common factor of f and m.
6
Let j(b) = -476*b**3 - 2*b**2 + 5*b + 5. Let t be j(-2). What is the highest common divisor of 60 and t?
15
Suppose -3*y - 22250 = -2*v, 8033 - 63681 = -5*v - 4*y. Calculate the highest common factor of v and 214.
214
Let s(g) = -3*g**3 + 19*g**2 - 12*g + 27. Let q be s(4). Calculate the highest common factor of q and 238.
7
Suppose -4*c + 1147 = h, 7*c - 869 = 4*c + h. Suppose -4 = 2*f - 8. Suppose f*p - 1 - 35 = 0. What is the greatest common divisor of p and c?
18
Let r = -11745 + 12025. What is the greatest common factor of r and 80?
40
Let z = 280 - 243. Suppose 21*l + 544 = z*l. Calculate the greatest common divisor of 68 and l.
34
Let p be ((-4)/(-1))/(13 + 1240/(-96)). Calculate the greatest common factor of 15 and p.
3
Suppose 3*l + 2*u - 611 = 278, -l + 287 = 3*u. Calculate the greatest com